{"id":7568,"date":"2019-12-26T09:50:00","date_gmt":"2019-12-26T08:50:00","guid":{"rendered":"https:\/\/asgolfdepessac-b.fr\/?post_type=product&#038;p=7568"},"modified":"2025-12-09T11:04:03","modified_gmt":"2025-12-09T10:04:03","slug":"don-a-lassociation","status":"publish","type":"product","link":"https:\/\/asgolfdepessac-b.fr\/index.php\/produit\/don-a-lassociation\/","title":{"rendered":"DON A L&rsquo;ASSOCIATION"},"content":{"rendered":"","protected":false},"excerpt":{"rendered":"<p><strong>En effectuant un don \u00e0 l\u2019Association:<\/strong><\/p>\n<p><strong>je contribue \u00e0 son d\u00e9veloppement,\u00a0<\/strong><\/p>\n<p><strong>\u00e0 l\u2019organisation d\u2019activit\u00e9s,\u00a0<\/strong><\/p>\n<p><strong>\u00e0 l\u2019accompagnement des jeunes en formation.<\/strong><\/p>\n<h3><span style=\"color: #008000;\"><strong>Pour les entreprises et les particuliers,<\/strong><strong> une attestation fiscale ou une facture peut \u00eatre d\u00e9livr\u00e9e.<\/strong><\/span><\/h3>\n<p><a href=\"https:\/\/asgolfdepessac.com\/index.php\/don\/\" target=\"_blank\" rel=\"noopener\"><span style=\"color: #008000;\">PLUS D&rsquo;INFORMATIONS ICI<\/span><\/a><\/p>\n<p><strong><span style=\"color: #ff0000;\">Si vous souhaitez plus d&rsquo;informations ou faire ce don par virement Bancaire ou Ch\u00e8que contactez nous par un\u00a0 email \u00e0 asgolfdepessac@gmail.com<\/span><\/strong><\/p>\n","protected":false},"featured_media":49476,"comment_status":"open","ping_status":"closed","template":"","meta":[],"product_brand":[],"product_cat":[72],"product_tag":[],"class_list":{"0":"post-7568","1":"product","2":"type-product","3":"status-publish","4":"has-post-thumbnail","6":"product_cat-don","7":"wcpa_has_options","9":"first","10":"instock","11":"featured","12":"sold-individually","13":"shipping-taxable","14":"purchasable","15":"product-type-simple"},"wcpa_form_fields":{"wcpaData":{"product":{"product_price":0,"price_html":"<span class=\"woocommerce-Price-amount amount\"><bdi>0,00<span class=\"woocommerce-Price-currencySymbol\">&euro;<\/span><\/bdi><\/span>","original_product_price":0,"price_including_tax":0,"price_excluding_tax":0,"product_id":{"parent":7568,"variation":false},"is_variable":false,"stock_status":"instock","stock_quantity":null,"parent_sku":"","product_attributes":{"montant":{"is_variation":false,"values":["DON 20","DON 50","DON 100"]}},"custom_fields":[],"is_taxable":false,"product_name":"DON A L'ASSOCIATION","hasImage":false},"fields":{"sec_106903374673746":{"extra":{"key":"sec_106903374673746","section_id":"sec_106903374673746","name":"Default","status":1,"cl_rule":"show","enableCl":false,"relations":[],"toggle":true,"title_tag":"h3","show_title":false,"showPrice":"default","form_id":49380,"form_rules":{"exclude_from_discount":false,"fee_label":"Fee","disp_hide_options_price":false,"disp_show_section_price":false,"disp_show_field_price":true,"layout_option":"standard","pric_use_as_fee":false,"process_fee_as":"woo_fee"},"layout_option":"standard"},"fields":[[{"active":true,"col":6,"relations":false,"cl_rule":"show","enableCl":false,"price":"","enablePrice":true,"className":"","label_position":"default","desc_position":"default","type":"checkbox-group","required":false,"elementId":"checkgroup_7170891137","label":"MONTANT FIXE","name":"checkgroup_7170891137","values":[{"label":"M10","value":"M10","selected":false,"tempId":"aco_2263","price":"10","gt_translate_keys":["label"]},{"label":"M20","value":"M20","selected":false,"tempId":"aco_2264","price":"20","gt_translate_keys":["label"]},{"label":"M50","value":"M50","selected":false,"tempId":"aco_2265","price":"50","gt_translate_keys":["label"]},{"label":"M100","value":"M100","selected":false,"tempId":"aco_2824","price":"100","gt_translate_keys":["label"]},{"label":"M200","value":"M200","selected":false,"tempId":"aco_2906","price":"200","gt_translate_keys":["label"]},{"label":"M300","value":"M300","selected":false,"tempId":"aco_19","price":"300","gt_translate_keys":["label"]},{"label":"M400","value":"M400","selected":false,"tempId":"aco_65","price":"400","gt_translate_keys":["label"]}],"isWeightTemplate":false,"error":false,"isTemplate":false,"layOut":"","checkUi":"","min_quantity":"1","quantity_decimal":false,"quantity_step":"1","quantity_label":"Quantity","repeater_field_label":"{field_label}","repeater_bind":"","description":"Possibilit\u00e9 d'adapter votre montant en cochant plusieurs cases","priceOptions":"different_for_all","pricingType":"fixed","use_as_fee":false,"other":false,"gt_translate_keys":["label","description","repeater_field_label","quantity_label"],"price_dependency":false,"cl_dependency":false,"value":""}],[{"active":true,"col":6,"relations":false,"cl_rule":"show","enableCl":false,"price":"10","enablePrice":true,"className":"","label_position":"default","desc_position":"default","type":"number","required":false,"elementId":"number_9020270821","label":"ou MONTANT LIBRE","name":"number_9020270821","value":"","isWeightTemplate":false,"error":false,"isTemplate":false,"min_quantity":"1","quantity_decimal":false,"quantity_step":"1","quantity_label":"Quantity","repeater_field_label":"{field_label}","repeater_bind":"","use_as_fee":false,"pricingType":"multiply","description":"Enregistrer un multiple de 10\u20ac","gt_translate_keys":["label","description","value","repeater_field_label","quantity_label"],"price_dependency":false,"cl_dependency":false}],[{"active":true,"col":6,"relations":false,"cl_rule":"show","enableCl":false,"price":"","enablePrice":false,"className":"","label_position":"default","desc_position":"default","type":"radio-group","required":true,"elementId":"radio_8195174911","label":"RECU","name":"radio_8195174911","values":[{"label":"Recu fiscal","value":"O","selected":false,"tempId":"aco_605","gt_translate_keys":["label"]},{"label":"Facture","value":"f","selected":false,"tempId":"aco_127","gt_translate_keys":["label"]},{"label":"NON","value":"n","selected":false,"tempId":"aco_209","options_cl":true,"relations":[{"operator":false,"rules":[{"operator":"AND","rules":{"cl_field":"","cl_relation":"","cl_val":""}}]}],"cl_rule":"show","gt_translate_keys":["label"]}],"isWeightTemplate":false,"error":false,"isTemplate":false,"layOut":"","checkUi":"","min_quantity":"1","quantity_decimal":false,"quantity_step":"1","quantity_label":"Quantity","repeater_field_label":"{field_label}","repeater_bind":"","description":"Je souhaite un recu fiscal ou une Facture","gt_translate_keys":["label","description","repeater_field_label","quantity_label"],"price_dependency":false,"cl_dependency":false,"value":""}]]}},"config":{"price_override":"","enable_recaptcha":false,"bind_quantity":false,"quantity_bind_formula":false,"disp_summ_show_option_price":true,"disp_summ_show_product_price":true,"disp_summ_show_total_price":true,"disp_summ_show_fee":false,"disp_summ_show_discount":false,"summary_title":"","options_total_label":"Options Price","total_label":"Total","options_product_label":"Product Price","fee_label":"Fee","discount_label":"Discount","has_price":true,"has_quantity_formula":false},"mc_unit":1,"tax_rate":1,"tax_rate_real":1,"discount":{"percentage":0,"fixed":0},"design":{"conf":{"LabelPosition":"above","DescPosition":"above","UploadField":"custom_1","QuantityFieldStyle":"default"},"css":{"LeftLabelWidth":"120px"}},"formulas":[],"lookuptables":[],"clones":false,"cartKey":false}},"_links":{"self":[{"href":"https:\/\/asgolfdepessac-b.fr\/index.php\/wp-json\/wp\/v2\/product\/7568","targetHints":{"allow":["GET"]}}],"collection":[{"href":"https:\/\/asgolfdepessac-b.fr\/index.php\/wp-json\/wp\/v2\/product"}],"about":[{"href":"https:\/\/asgolfdepessac-b.fr\/index.php\/wp-json\/wp\/v2\/types\/product"}],"replies":[{"embeddable":true,"href":"https:\/\/asgolfdepessac-b.fr\/index.php\/wp-json\/wp\/v2\/comments?post=7568"}],"wp:featuredmedia":[{"embeddable":true,"href":"https:\/\/asgolfdepessac-b.fr\/index.php\/wp-json\/wp\/v2\/media\/49476"}],"wp:attachment":[{"href":"https:\/\/asgolfdepessac-b.fr\/index.php\/wp-json\/wp\/v2\/media?parent=7568"}],"wp:term":[{"taxonomy":"product_brand","embeddable":true,"href":"https:\/\/asgolfdepessac-b.fr\/index.php\/wp-json\/wp\/v2\/product_brand?post=7568"},{"taxonomy":"product_cat","embeddable":true,"href":"https:\/\/asgolfdepessac-b.fr\/index.php\/wp-json\/wp\/v2\/product_cat?post=7568"},{"taxonomy":"product_tag","embeddable":true,"href":"https:\/\/asgolfdepessac-b.fr\/index.php\/wp-json\/wp\/v2\/product_tag?post=7568"}],"curies":[{"name":"wp","href":"https:\/\/api.w.org\/{rel}","templated":true}]}}