{"id":50102,"date":"2026-02-01T13:52:10","date_gmt":"2026-02-01T12:52:10","guid":{"rendered":"https:\/\/asgolfdepessac-b.fr\/?post_type=product&#038;p=50102"},"modified":"2026-03-11T08:21:22","modified_gmt":"2026-03-11T07:21:22","slug":"pitch-and-putt-2026-tour-1","status":"publish","type":"product","link":"https:\/\/asgolfdepessac-b.fr\/index.php\/produit\/pitch-and-putt-2026-tour-1\/","title":{"rendered":"Pitch and Putt 2026 Tour 1"},"content":{"rendered":"","protected":false},"excerpt":{"rendered":"<h2 style=\"text-align: center;\"><b>Challenge<\/b><strong> Pitch and Putt 2026<\/strong><\/h2>\n<h2 style=\"text-align: center;\"><strong>Tour 1<\/strong><\/h2>\n<p><strong>Comp\u00e9tition ouverte: les adh\u00e9rents AS sont prioritaires<\/strong><\/p>\n<p><strong>Mercredi 11 mars \u00e0 14h00<\/strong><\/p>\n<p><span style=\"color: #000000;\">Parcours compact am\u00e9nag\u00e9 Pitch and Putt 18 trous<\/span><\/p>\n<p>Un seul rep\u00e8re pour tous les joueurs, d\u00e9part sur tee obligatoire<\/p>\n<p><a href=\"https:\/\/asgolfdepessac.com\/index.php\/activites\/pitch-and-putt\/\" target=\"_blank\" rel=\"noopener\"><span style=\"color: #339966;\">REGLEMENT<\/span><\/a> de la comp\u00e9tition<\/p>\n<p><strong>Fermeture des inscriptions Dimanche 8 mars \u00e0 18h<\/strong><\/p>\n<p>Formule de jeu : <strong><span style=\"color: #339966;\">STROKE PLAY<\/span><\/strong><\/p>\n<div>\n<h4><em>Cette comp\u00e9tition compte pour le challenge Pitch and Putt sur 8 tours et<\/em><\/h4>\n<h4><em>pour la s\u00e9lection au Championnat de France de P&amp;P sur 6 tours<\/em><\/h4>\n<\/div>\n<h4><span style=\"color: #339966;\"><strong><a style=\"color: #339966;\" href=\"https:\/\/asgolfdepessac.com\/wp-content\/uploads\/2024\/06\/REGLES-LOCALES-PITCH-and-PUTT-18-TROUS_ASGP_20250306.docx.pdf\" target=\"_blank\" rel=\"noopener\">R\u00e8gles locales P&amp;P<\/a><\/strong><\/span><\/h4>\n<div>\n<div><a href=\"https:\/\/drive.google.com\/drive\/u\/1\/folders\/1Hu_jHbIjTv9XrrnZsChm4qBJK75YtsGj\" target=\"_blank\" rel=\"noopener\">LISTES DES INSCRIPTIONS<\/a> (Mise \u00e0 jour toutes les 4H)<\/div>\n<\/div>\n<p><a href=\"https:\/\/docs.google.com\/forms\/d\/e\/1FAIpQLSfUgNy_znaywcO0Sj_8f7J_jwHr3w9h9ul5J0SJMfrEbnXbZw\/viewform?usp=publish-editor\" target=\"_blank\" rel=\"noopener\">Annulation Inscription<\/a><\/p>\n<p><a href=\"https:\/\/docs.google.com\/spreadsheets\/d\/e\/2PACX-1vRSIuBXsqy9HTkpoivg1bc3C7-P0aqBWdrFf1VJfkjhf1AnNUUEBg0fRVg17kwyWj3JDhT9WnLHzy4i\/pubhtml\" target=\"_blank\" rel=\"noopener\">Liste des Annulations<\/a><\/p>\n<div>Le<a href=\"https:\/\/docs.google.com\/document\/d\/1TeLQFmWgjol7IzN4OZHTGPfCId_65gCm\/edit?usp=drive_link&amp;ouid=113909105596875988949&amp;rtpof=true&amp;sd=true\" target=\"_blank\" rel=\"noopener\">\u00a0r\u00e8glement\u00a0<\/a>des comp\u00e9titions organis\u00e9es par l\u2019AS PESSAC est applicable<\/div>\n<div><\/div>\n<div><strong>Pour visualiser vos commandes actuelles \u00a0et pass\u00e9es voir <a href=\"https:\/\/asgolfdepessac-b.fr\/index.php\/mon-compte\/\" target=\"_blank\" rel=\"noopener\">MON COMPTE<\/a> et COMMANDES<\/strong><\/div>\n","protected":false},"featured_media":0,"comment_status":"open","ping_status":"closed","template":"","meta":[],"product_brand":[],"product_cat":[178],"product_tag":[],"class_list":{"0":"post-50102","1":"product","2":"type-product","3":"status-publish","5":"product_cat-pandp","6":"wcpa_has_options","8":"first","9":"outofstock","10":"featured","11":"sold-individually","12":"shipping-taxable","13":"purchasable","14":"product-type-simple"},"wcpa_form_fields":{"wcpaData":{"product":{"product_price":0,"price_html":"<span class=\"woocommerce-Price-amount amount\"><bdi>0,00<span class=\"woocommerce-Price-currencySymbol\">&euro;<\/span><\/bdi><\/span>","original_product_price":0,"price_including_tax":0,"price_excluding_tax":0,"product_id":{"parent":50102,"variation":false},"is_variable":false,"stock_status":"outofstock","stock_quantity":0,"parent_sku":"","product_attributes":[],"custom_fields":[],"is_taxable":false,"product_name":"Pitch and Putt 2026 Tour 1","hasImage":false},"fields":{"sec_9659964243358d":{"extra":{"key":"sec_9659964243358d","section_id":"sec_9659964243358d","name":"Default","status":1,"cl_rule":"show","enableCl":false,"relations":[],"toggle":true,"title_tag":"h3","show_title":false,"showPrice":"default","form_id":33544,"form_rules":{"exclude_from_discount":false,"fee_label":"Fee","disp_hide_options_price":false,"disp_show_section_price":false,"disp_show_field_price":true,"layout_option":"standard","pric_use_as_fee":false,"process_fee_as":"woo_fee"},"layout_option":"standard"},"fields":[[{"type":"text","required":true,"elementId":"wcpa-text-626edf0af0f8a","label":"NOM PRENOM","pricingType":"fixed","className":"","name":"text-626edf0af0f93","subtype":"text","cl_rule":"show","col":6,"relations":false,"active":true,"tooltip":"","error":false,"gt_translate_keys":["label","tooltip"],"price_dependency":false,"cl_dependency":false,"value":""}],[{"type":"radio-group","required":true,"elementId":"wcpa-radio-group-626edf0af0fb1","label":"CATEGORIE","description":"Adherent AS Golf de Pessac?","inline":true,"priceOptions":"different_for_all","pricingType":"fixed","name":"radio-group-626edf0af0fc0","other_text":"Other","cl_rule":"show","cl_val":"AS","operator":"and","col":6,"values":[{"label":"AS","value":"AS","price":"","pimage":"","pimage_id":"","pthumb":"","gt_translate_keys":["label"]},{"label":"NON AS","value":"NONAS","price":"","pimage":"","pimage_id":"","pthumb":"","gt_translate_keys":["label"]}],"relations":[{"operator":"and","rules":[{"operator":false,"rules":{"cl_field":"wcpa-radio-group-626edf0af0fb1","cl_relation":"is","cl_val":"AS"}}]},{"operator":false,"rules":[]}],"active":true,"tooltip":"","layOut":"inline","gt_translate_keys":["label","description","tooltip"],"price_dependency":false,"cl_dependency":["wcpa-checkbox-group-626edf0af0f70","checkbox-group-0891924243","wcpa-radio-group-626edf0af0fd4","wcpa-radio-group-626edf0af0ff4"],"value":""}],[{"type":"checkbox-group","required":true,"elementId":"wcpa-checkbox-group-626edf0af0f70","label":"INSCRIPTION","priceOptions":"different_for_all","pricingType":"fixed","name":"checkbox-group-626edf0af0f80","other_text":"Other","cl_rule":"show","col":6,"values":[{"label":"NON PRIORITAIRE","value":"NP","price":"","pimage":"","pimage_id":"","pthumb":"","selected":false,"tempId":"aco_59","gt_translate_keys":["label"]}],"relations":[{"operator":false,"rules":[{"operator":"AND","rules":{"cl_field":"wcpa-radio-group-626edf0af0fb1","cl_relation":"is","cl_val":"NONAS"}}]}],"active":true,"tooltip":"","layOut":"","checkUi":"","error":false,"other":false,"enableCl":true,"gt_translate_keys":["label","tooltip"],"price_dependency":false,"cl_dependency":false,"value":""}],[{"label":"INSCRIPTION","active":true,"required":true,"elementId":"checkbox-group-0891924243","tooltip":"","name":"checkbox-group-0891924243","enableCl":true,"relations":[{"operator":false,"rules":[{"operator":"AND","rules":{"cl_field":"wcpa-radio-group-626edf0af0fb1","cl_relation":"is","cl_val":"AS"}}]}],"checkUi":"","layOut":"","other":false,"other_text":"Other","values":[{"label":"VALIDEE","value":"I","price":"","pimage":"","pimage_id":"","pthumb":"","selected":false,"tempId":"aco_59","gt_translate_keys":["label"]}],"priceOptions":"different_for_all","pricingType":"fixed","cl_rule":"show","col":6,"type":"checkbox-group","gt_translate_keys":["label","tooltip"],"price_dependency":false,"cl_dependency":false,"value":""}],[{"type":"number","required":true,"elementId":"wcpa-number-626edf0af0f9d","label":"N\u00b0 LICENCE","pricingType":"fixed","min":"000000000","max":"999999999","className":"","name":"number-626edf0af0fa6","cl_rule":"show","col":6,"relations":false,"active":true,"tooltip":"","error":false,"gt_translate_keys":["label","tooltip"],"price_dependency":false,"cl_dependency":false,"value":""}],[{"type":"radio-group","required":true,"elementId":"wcpa-radio-group-626edf0af0fd4","label":"INSCRIPTION AS","description":"Champ pour inscription adh\u00e9rent As golf de  Pessac","inline":true,"enablePrice":true,"priceOptions":"different_for_all","pricingType":"fixed","name":"radio-group-626edf0af0fe7","other_text":"Other","enableCl":true,"cl_rule":"show","cl_val":"AS","col":6,"values":[{"label":"Adulte","value":"adulteas","price":"7.5","pimage":"","pimage_id":"","pthumb":"","tempId":"aco_126","gt_translate_keys":["label"]},{"label":"Jeune","value":"Jeuneas","price":"0","pimage":"","pimage_id":"","pthumb":"","tempId":"aco_128","gt_translate_keys":["label"]}],"relations":[{"operator":false,"rules":[{"operator":false,"rules":{"cl_field":"wcpa-radio-group-626edf0af0fb1","cl_relation":"is","cl_val":"AS"}}]}],"price":0,"active":true,"tooltip":"","layOut":"inline","checkUi":"","error":false,"isWeightTemplate":false,"isTemplate":false,"min_quantity":"1","quantity_decimal":false,"quantity_step":"1","quantity_label":"Quantity","repeater_field_label":"{field_label}","repeater_bind":"","gt_translate_keys":["label","description","tooltip","repeater_field_label","quantity_label"],"price_dependency":false,"cl_dependency":false,"value":""}],[{"type":"radio-group","required":true,"elementId":"wcpa-radio-group-626edf0af0ff4","label":"INSCRIPTION NON AS","description":"Champ pour inscription non adh\u00e9rent  AS Gof de Pessac","inline":true,"enablePrice":true,"priceOptions":"different_for_all","pricingType":"fixed","name":"radio-group-626edf0af0ffe","other_text":"Other","enableCl":true,"cl_rule":"show","cl_val":"NONAS","col":6,"values":[{"label":"Adulte","value":"adultenas","price":"12.50","pimage":"","pimage_id":"","pthumb":"","tempId":"aco_158","gt_translate_keys":["label"]},{"label":"Jeune","value":"Jeunenas","price":"7.50","pimage":"","pimage_id":"","pthumb":"","tempId":"aco_160","gt_translate_keys":["label"]}],"relations":[{"operator":false,"rules":[{"operator":false,"rules":{"cl_field":"wcpa-radio-group-626edf0af0fb1","cl_relation":"is","cl_val":"NONAS"}}]}],"price":0,"active":true,"tooltip":"","layOut":"inline","error":false,"checkUi":"","isWeightTemplate":false,"isTemplate":false,"min_quantity":"1","quantity_decimal":false,"quantity_step":"1","quantity_label":"Quantity","repeater_field_label":"{field_label}","repeater_bind":"","gt_translate_keys":["label","description","tooltip","repeater_field_label","quantity_label"],"price_dependency":false,"cl_dependency":false,"value":""}],[{"type":"checkbox-group","required":true,"elementId":"wcpa-checkbox-group-626edf0af100a","label":"CERTIFICAT MEDICAL","description":"M'autorisant \u00e0 faire des comp\u00e9titions enregistr\u00e9es","priceOptions":"different_for_all","pricingType":"fixed","name":"checkbox-group-626edf0af1015","other_text":"Other","cl_rule":"show","col":6,"values":[{"label":"Oui","value":"OUI","price":"","pimage":"","pimage_id":"","pthumb":"","gt_translate_keys":["label"]}],"relations":false,"active":true,"tooltip":"","layOut":"","gt_translate_keys":["label","description","tooltip"],"price_dependency":false,"cl_dependency":false,"value":""}],[{"type":"checkbox-group","required":true,"elementId":"wcpa-checkbox-group-626edf0af1021","label":"ACCORD","description":"J'accepte toutes les conditions de d\u00e9roulement  cette manifestation","priceOptions":"different_for_all","pricingType":"fixed","name":"checkbox-group-626edf0af102c","other_text":"Other","cl_rule":"show","col":6,"values":[{"label":"Oui","value":"OUI","price":"","pimage":"","pimage_id":"","pthumb":"","gt_translate_keys":["label"]}],"relations":false,"active":true,"tooltip":"","layOut":"","gt_translate_keys":["label","description","tooltip"],"price_dependency":false,"cl_dependency":false,"value":""}],[{"type":"textarea","elementId":"wcpa-textarea-626edf0af1036","label":"Note du joueur","pricingType":"fixed","name":"textarea-626edf0af1040","cl_rule":"show","col":6,"relations":false,"active":true,"tooltip":"","error":false,"gt_translate_keys":["label","tooltip"],"price_dependency":false,"cl_dependency":false,"value":""}]]}},"config":{"price_override":"","enable_recaptcha":false,"bind_quantity":false,"quantity_bind_formula":false,"disp_summ_show_option_price":true,"disp_summ_show_product_price":true,"disp_summ_show_total_price":true,"disp_summ_show_fee":false,"disp_summ_show_discount":false,"summary_title":"","options_total_label":"Options Price","total_label":"Total","options_product_label":"Product Price","fee_label":"Fee","discount_label":"Discount","has_price":true,"has_quantity_formula":false},"mc_unit":1,"tax_rate":1,"tax_rate_real":1,"discount":{"percentage":0,"fixed":0},"design":{"conf":{"LabelPosition":"above","DescPosition":"above","UploadField":"custom_1","QuantityFieldStyle":"default"},"css":{"LeftLabelWidth":"120px"}},"formulas":[],"lookuptables":[],"clones":false,"cartKey":false}},"_links":{"self":[{"href":"https:\/\/asgolfdepessac-b.fr\/index.php\/wp-json\/wp\/v2\/product\/50102","targetHints":{"allow":["GET"]}}],"collection":[{"href":"https:\/\/asgolfdepessac-b.fr\/index.php\/wp-json\/wp\/v2\/product"}],"about":[{"href":"https:\/\/asgolfdepessac-b.fr\/index.php\/wp-json\/wp\/v2\/types\/product"}],"replies":[{"embeddable":true,"href":"https:\/\/asgolfdepessac-b.fr\/index.php\/wp-json\/wp\/v2\/comments?post=50102"}],"wp:attachment":[{"href":"https:\/\/asgolfdepessac-b.fr\/index.php\/wp-json\/wp\/v2\/media?parent=50102"}],"wp:term":[{"taxonomy":"product_brand","embeddable":true,"href":"https:\/\/asgolfdepessac-b.fr\/index.php\/wp-json\/wp\/v2\/product_brand?post=50102"},{"taxonomy":"product_cat","embeddable":true,"href":"https:\/\/asgolfdepessac-b.fr\/index.php\/wp-json\/wp\/v2\/product_cat?post=50102"},{"taxonomy":"product_tag","embeddable":true,"href":"https:\/\/asgolfdepessac-b.fr\/index.php\/wp-json\/wp\/v2\/product_tag?post=50102"}],"curies":[{"name":"wp","href":"https:\/\/api.w.org\/{rel}","templated":true}]}}